{"id":792,"date":"2022-10-13T07:06:25","date_gmt":"2022-10-13T07:06:25","guid":{"rendered":"https:\/\/clubdeteniscaudete.com\/?page_id=792"},"modified":"2022-10-26T19:37:00","modified_gmt":"2022-10-26T19:37:00","slug":"torneo-de-padel-otono","status":"publish","type":"page","link":"https:\/\/clubdeteniscaudete.com\/index.php\/torneo-de-padel-otono\/","title":{"rendered":"TORNEO DE P\u00c1DEL OTO\u00d1O"},"content":{"rendered":"\t\t<div data-elementor-type=\"wp-page\" data-elementor-id=\"792\" class=\"elementor elementor-792\" data-elementor-post-type=\"page\">\n\t\t\t\t\t\t<section class=\"elementor-section elementor-top-section elementor-element elementor-element-8ffbf36 elementor-section-boxed elementor-section-height-default elementor-section-height-default\" data-id=\"8ffbf36\" data-element_type=\"section\" data-e-type=\"section\">\n\t\t\t\t\t\t<div class=\"elementor-container elementor-column-gap-default\">\n\t\t\t\t\t<div class=\"elementor-column elementor-col-50 elementor-top-column elementor-element elementor-element-16d5f00\" data-id=\"16d5f00\" data-element_type=\"column\" data-e-type=\"column\">\n\t\t\t<div class=\"elementor-widget-wrap elementor-element-populated\">\n\t\t\t\t\t\t<div class=\"elementor-element elementor-element-161bc9b elementor-widget elementor-widget-text-editor\" data-id=\"161bc9b\" data-element_type=\"widget\" data-e-type=\"widget\" data-widget_type=\"text-editor.default\">\n\t\t\t\t<div class=\"elementor-widget-container\">\n\t\t\t\t\t\t\t\t\t<h4><strong>TORNEO DE P\u00c1DEL OTO\u00d1O 28,29,30 DE OCTUBRE<\/strong><\/h4><div>Ya est\u00e1 disponible el orden de juego y los grupos del tornoe.\u00a0<\/div><div>En el siguiente bot\u00f3n podr\u00e1s ver toda la informaci\u00f3n relacionada con el torneo.<\/div><div>\u00a0<\/div><div>\u00a1\u00a1Nos vemos en las pistas!!<\/div>\t\t\t\t\t\t\t\t<\/div>\n\t\t\t\t<\/div>\n\t\t\t\t<div class=\"elementor-element elementor-element-e78fd7a elementor-align-center elementor-widget elementor-widget-button\" data-id=\"e78fd7a\" data-element_type=\"widget\" data-e-type=\"widget\" data-widget_type=\"button.default\">\n\t\t\t\t<div class=\"elementor-widget-container\">\n\t\t\t\t\t\t\t\t\t<div class=\"elementor-button-wrapper\">\n\t\t\t\t\t<a class=\"elementor-button elementor-button-link elementor-size-sm\" href=\"https:\/\/docs.google.com\/document\/d\/1XIqj1zwJ9kCc3lo_wIHJZHnBcz_CaMk1tDDVOK41neQ\/edit?usp=sharing\" target=\"_blank\">\n\t\t\t\t\t\t<span class=\"elementor-button-content-wrapper\">\n\t\t\t\t\t\t\t\t\t<span class=\"elementor-button-text\">GRUPOS<\/span>\n\t\t\t\t\t<\/span>\n\t\t\t\t\t<\/a>\n\t\t\t\t<\/div>\n\t\t\t\t\t\t\t\t<\/div>\n\t\t\t\t<\/div>\n\t\t\t\t<div class=\"elementor-element elementor-element-8a80179 elementor-align-center elementor-widget elementor-widget-button\" data-id=\"8a80179\" data-element_type=\"widget\" data-e-type=\"widget\" data-widget_type=\"button.default\">\n\t\t\t\t<div class=\"elementor-widget-container\">\n\t\t\t\t\t\t\t\t\t<div class=\"elementor-button-wrapper\">\n\t\t\t\t\t<a class=\"elementor-button elementor-button-link elementor-size-sm\" href=\"https:\/\/docs.google.com\/document\/d\/1JLAwgbk8FP0ZyvXH9HvDy8W2DNYRG-XkxJU5P2HQr6M\/edit?usp=sharing\" target=\"_blank\">\n\t\t\t\t\t\t<span class=\"elementor-button-content-wrapper\">\n\t\t\t\t\t\t\t\t\t<span class=\"elementor-button-text\">HORARIOS<\/span>\n\t\t\t\t\t<\/span>\n\t\t\t\t\t<\/a>\n\t\t\t\t<\/div>\n\t\t\t\t\t\t\t\t<\/div>\n\t\t\t\t<\/div>\n\t\t\t\t\t<\/div>\n\t\t<\/div>\n\t\t\t\t<div class=\"elementor-column elementor-col-50 elementor-top-column elementor-element elementor-element-1959c82\" data-id=\"1959c82\" data-element_type=\"column\" data-e-type=\"column\">\n\t\t\t<div class=\"elementor-widget-wrap elementor-element-populated\">\n\t\t\t\t\t\t<div class=\"elementor-element elementor-element-475277d elementor-widget elementor-widget-image\" data-id=\"475277d\" data-element_type=\"widget\" data-e-type=\"widget\" data-widget_type=\"image.default\">\n\t\t\t\t<div class=\"elementor-widget-container\">\n\t\t\t\t\t\t\t\t\t\t\t\t\t\t\t<img fetchpriority=\"high\" decoding=\"async\" width=\"576\" height=\"1024\" src=\"https:\/\/clubdeteniscaudete.com\/wp-content\/uploads\/2022\/10\/Captura-de-pantalla-2022-10-13-a-las-8.32.42-a.-m.-576x1024.png\" class=\"attachment-large size-large wp-image-781\" alt=\"\" srcset=\"https:\/\/clubdeteniscaudete.com\/wp-content\/uploads\/2022\/10\/Captura-de-pantalla-2022-10-13-a-las-8.32.42-a.-m.-576x1024.png 576w, https:\/\/clubdeteniscaudete.com\/wp-content\/uploads\/2022\/10\/Captura-de-pantalla-2022-10-13-a-las-8.32.42-a.-m.-169x300.png 169w, https:\/\/clubdeteniscaudete.com\/wp-content\/uploads\/2022\/10\/Captura-de-pantalla-2022-10-13-a-las-8.32.42-a.-m..png 607w\" sizes=\"(max-width: 576px) 100vw, 576px\" \/>\t\t\t\t\t\t\t\t\t\t\t\t\t\t\t<\/div>\n\t\t\t\t<\/div>\n\t\t\t\t\t<\/div>\n\t\t<\/div>\n\t\t\t\t\t<\/div>\n\t\t<\/section>\n\t\t\t\t<\/div>\n\t\t","protected":false},"excerpt":{"rendered":"<p>TORNEO DE P\u00c1DEL OTO\u00d1O 28,29,30 DE OCTUBRE Ya est\u00e1 disponible el orden de juego y los grupos del tornoe.\u00a0En el siguiente bot\u00f3n podr\u00e1s ver toda la informaci\u00f3n relacionada con el torneo.\u00a0\u00a1\u00a1Nos vemos en las pistas!! GRUPOS HORARIOS<\/p>\n","protected":false},"author":1,"featured_media":0,"parent":0,"menu_order":0,"comment_status":"closed","ping_status":"closed","template":"","meta":{"footnotes":""},"class_list":["post-792","page","type-page","status-publish"],"_links":{"self":[{"href":"https:\/\/clubdeteniscaudete.com\/index.php\/wp-json\/wp\/v2\/pages\/792","targetHints":{"allow":["GET"]}}],"collection":[{"href":"https:\/\/clubdeteniscaudete.com\/index.php\/wp-json\/wp\/v2\/pages"}],"about":[{"href":"https:\/\/clubdeteniscaudete.com\/index.php\/wp-json\/wp\/v2\/types\/page"}],"author":[{"embeddable":true,"href":"https:\/\/clubdeteniscaudete.com\/index.php\/wp-json\/wp\/v2\/users\/1"}],"replies":[{"embeddable":true,"href":"https:\/\/clubdeteniscaudete.com\/index.php\/wp-json\/wp\/v2\/comments?post=792"}],"version-history":[{"count":9,"href":"https:\/\/clubdeteniscaudete.com\/index.php\/wp-json\/wp\/v2\/pages\/792\/revisions"}],"predecessor-version":[{"id":807,"href":"https:\/\/clubdeteniscaudete.com\/index.php\/wp-json\/wp\/v2\/pages\/792\/revisions\/807"}],"wp:attachment":[{"href":"https:\/\/clubdeteniscaudete.com\/index.php\/wp-json\/wp\/v2\/media?parent=792"}],"curies":[{"name":"wp","href":"https:\/\/api.w.org\/{rel}","templated":true}]}}