{"id":604,"date":"2022-07-11T11:12:00","date_gmt":"2022-07-11T11:12:00","guid":{"rendered":"https:\/\/clubdeteniscaudete.com\/?page_id=604"},"modified":"2022-07-11T14:42:59","modified_gmt":"2022-07-11T14:42:59","slug":"xxvii-triatlon-popular","status":"publish","type":"page","link":"https:\/\/clubdeteniscaudete.com\/index.php\/xxvii-triatlon-popular\/","title":{"rendered":"XXVII TRIATLON POPULAR"},"content":{"rendered":"\t\t<div data-elementor-type=\"wp-page\" data-elementor-id=\"604\" class=\"elementor elementor-604\" data-elementor-post-type=\"page\">\n\t\t\t\t\t\t<section class=\"elementor-section elementor-top-section elementor-element elementor-element-919ccd8 elementor-section-boxed elementor-section-height-default elementor-section-height-default\" data-id=\"919ccd8\" data-element_type=\"section\" data-e-type=\"section\">\n\t\t\t\t\t\t<div class=\"elementor-container elementor-column-gap-default\">\n\t\t\t\t\t<div class=\"elementor-column elementor-col-100 elementor-top-column elementor-element elementor-element-4016028\" data-id=\"4016028\" data-element_type=\"column\" data-e-type=\"column\">\n\t\t\t<div class=\"elementor-widget-wrap elementor-element-populated\">\n\t\t\t\t\t\t<div class=\"elementor-element elementor-element-4d06ef5 elementor-widget elementor-widget-heading\" data-id=\"4d06ef5\" data-element_type=\"widget\" data-e-type=\"widget\" data-widget_type=\"heading.default\">\n\t\t\t\t<div class=\"elementor-widget-container\">\n\t\t\t\t\t<h2 class=\"elementor-heading-title elementor-size-default\">XVII TRIATHLON POR PAREJAS<\/h2>\t\t\t\t<\/div>\n\t\t\t\t<\/div>\n\t\t\t\t<div class=\"elementor-element elementor-element-0f64112 elementor-widget elementor-widget-spacer\" data-id=\"0f64112\" data-element_type=\"widget\" data-e-type=\"widget\" data-widget_type=\"spacer.default\">\n\t\t\t\t<div class=\"elementor-widget-container\">\n\t\t\t\t\t\t\t<div class=\"elementor-spacer\">\n\t\t\t<div class=\"elementor-spacer-inner\"><\/div>\n\t\t<\/div>\n\t\t\t\t\t\t<\/div>\n\t\t\t\t<\/div>\n\t\t\t\t\t<\/div>\n\t\t<\/div>\n\t\t\t\t\t<\/div>\n\t\t<\/section>\n\t\t\t\t<section class=\"elementor-section elementor-top-section elementor-element elementor-element-f70ef3c elementor-section-boxed elementor-section-height-default elementor-section-height-default\" data-id=\"f70ef3c\" data-element_type=\"section\" data-e-type=\"section\">\n\t\t\t\t\t\t<div class=\"elementor-container elementor-column-gap-default\">\n\t\t\t\t\t<div class=\"elementor-column elementor-col-50 elementor-top-column elementor-element elementor-element-ea6ea8b\" data-id=\"ea6ea8b\" data-element_type=\"column\" data-e-type=\"column\">\n\t\t\t<div class=\"elementor-widget-wrap elementor-element-populated\">\n\t\t\t\t\t\t<div class=\"elementor-element elementor-element-b875e31 elementor-widget elementor-widget-image\" data-id=\"b875e31\" data-element_type=\"widget\" data-e-type=\"widget\" data-widget_type=\"image.default\">\n\t\t\t\t<div class=\"elementor-widget-container\">\n\t\t\t\t\t\t\t\t\t\t\t\t\t\t\t<img fetchpriority=\"high\" decoding=\"async\" width=\"724\" height=\"1024\" src=\"https:\/\/clubdeteniscaudete.com\/wp-content\/uploads\/2022\/07\/Triatlon-CT-Caudete-724x1024.jpg\" class=\"attachment-large size-large wp-image-605\" alt=\"\" srcset=\"https:\/\/clubdeteniscaudete.com\/wp-content\/uploads\/2022\/07\/Triatlon-CT-Caudete-724x1024.jpg 724w, https:\/\/clubdeteniscaudete.com\/wp-content\/uploads\/2022\/07\/Triatlon-CT-Caudete-212x300.jpg 212w, https:\/\/clubdeteniscaudete.com\/wp-content\/uploads\/2022\/07\/Triatlon-CT-Caudete-768x1086.jpg 768w, https:\/\/clubdeteniscaudete.com\/wp-content\/uploads\/2022\/07\/Triatlon-CT-Caudete-1086x1536.jpg 1086w, https:\/\/clubdeteniscaudete.com\/wp-content\/uploads\/2022\/07\/Triatlon-CT-Caudete-1448x2048.jpg 1448w, https:\/\/clubdeteniscaudete.com\/wp-content\/uploads\/2022\/07\/Triatlon-CT-Caudete.jpg 1587w\" sizes=\"(max-width: 724px) 100vw, 724px\" \/>\t\t\t\t\t\t\t\t\t\t\t\t\t\t\t<\/div>\n\t\t\t\t<\/div>\n\t\t\t\t\t<\/div>\n\t\t<\/div>\n\t\t\t\t<div class=\"elementor-column elementor-col-50 elementor-top-column elementor-element elementor-element-60109cf\" data-id=\"60109cf\" data-element_type=\"column\" data-e-type=\"column\">\n\t\t\t<div class=\"elementor-widget-wrap elementor-element-populated\">\n\t\t\t\t\t\t<div class=\"elementor-element elementor-element-db7095a elementor-widget elementor-widget-text-editor\" data-id=\"db7095a\" data-element_type=\"widget\" data-e-type=\"widget\" data-widget_type=\"text-editor.default\">\n\t\t\t\t<div class=\"elementor-widget-container\">\n\t\t\t\t\t\t\t\t\t<p>El triatl\u00f3n parejas del club de tenis Caudete, es una prueba organizada por el CLUB DE TENIS DE CAUDETE con car\u00e1cter popular.<\/p><p>La prueba se realizar\u00e1 el s\u00e1bado 30 de julio a las 18h en las instalaciones del Club de Tenis Caudete (Camino Los Vi\u00f1ales S\/N, 02660 Caudete (Albacete).<\/p><p>El triatl\u00f3n consta de parejas de dos personas con las categor\u00edas FEMENINAS, MASCULINAS Y MIXTAS. Las distancias a completar ser\u00edan : <br \/>Nataci\u00f3n 100 m ( 4 largos) <br \/>Bici Btt 6 km <br \/>Carrera a pie 1,5 km<\/p><p>Primero tomara la salida unos de los participantes que llevar\u00e1 su testigo o pulsera . <br \/>Tendr\u00e1 que completar todas las distancias mencionadas y llegar a contra meta o zona asignada para el cambio de testigo o pulsera a su compa\u00f1ero\/a que tendr\u00e1 que realizar la misma distancia ser\u00e1 el que cruce la l\u00ednea de META.<\/p><p>El precio de inscripci\u00f3n es de 12\u20ac por equipo, incluye seguro m\u00e9dico.<\/p><p>Para realizar la inscripci\u00f3n hay que realizar el pago en el n\u00famero de Cuenta del Club de Tenis: ES09 3081 0512 9627 1620 2326<\/p>\t\t\t\t\t\t\t\t<\/div>\n\t\t\t\t<\/div>\n\t\t\t\t<div class=\"elementor-element elementor-element-02b00b1 elementor-align-center elementor-widget elementor-widget-button\" data-id=\"02b00b1\" data-element_type=\"widget\" data-e-type=\"widget\" data-widget_type=\"button.default\">\n\t\t\t\t<div class=\"elementor-widget-container\">\n\t\t\t\t\t\t\t\t\t<div class=\"elementor-button-wrapper\">\n\t\t\t\t\t<a class=\"elementor-button elementor-button-link elementor-size-sm\" href=\"https:\/\/forms.gle\/ci4Ecsf3DVEk45JU7\">\n\t\t\t\t\t\t<span class=\"elementor-button-content-wrapper\">\n\t\t\t\t\t\t\t\t\t<span class=\"elementor-button-text\">INSCRIBETE AQU\u00cd<\/span>\n\t\t\t\t\t<\/span>\n\t\t\t\t\t<\/a>\n\t\t\t\t<\/div>\n\t\t\t\t\t\t\t\t<\/div>\n\t\t\t\t<\/div>\n\t\t\t\t\t<\/div>\n\t\t<\/div>\n\t\t\t\t\t<\/div>\n\t\t<\/section>\n\t\t\t\t<\/div>\n\t\t","protected":false},"excerpt":{"rendered":"<p>XVII TRIATHLON POR PAREJAS El triatl\u00f3n parejas del club de tenis Caudete, es una prueba organizada por el CLUB DE TENIS DE CAUDETE con car\u00e1cter popular. La prueba se realizar\u00e1 el s\u00e1bado 30 de julio a las 18h en las instalaciones del Club de Tenis Caudete (Camino Los Vi\u00f1ales S\/N, 02660 Caudete (Albacete). El triatl\u00f3n &#8230; <a title=\"XXVII TRIATLON POPULAR\" class=\"read-more\" href=\"https:\/\/clubdeteniscaudete.com\/index.php\/xxvii-triatlon-popular\/\" aria-label=\"M\u00e1s en XXVII TRIATLON POPULAR\">Leer m\u00e1s<\/a><\/p>\n","protected":false},"author":1,"featured_media":0,"parent":0,"menu_order":0,"comment_status":"closed","ping_status":"closed","template":"","meta":{"footnotes":""},"class_list":["post-604","page","type-page","status-publish"],"_links":{"self":[{"href":"https:\/\/clubdeteniscaudete.com\/index.php\/wp-json\/wp\/v2\/pages\/604","targetHints":{"allow":["GET"]}}],"collection":[{"href":"https:\/\/clubdeteniscaudete.com\/index.php\/wp-json\/wp\/v2\/pages"}],"about":[{"href":"https:\/\/clubdeteniscaudete.com\/index.php\/wp-json\/wp\/v2\/types\/page"}],"author":[{"embeddable":true,"href":"https:\/\/clubdeteniscaudete.com\/index.php\/wp-json\/wp\/v2\/users\/1"}],"replies":[{"embeddable":true,"href":"https:\/\/clubdeteniscaudete.com\/index.php\/wp-json\/wp\/v2\/comments?post=604"}],"version-history":[{"count":12,"href":"https:\/\/clubdeteniscaudete.com\/index.php\/wp-json\/wp\/v2\/pages\/604\/revisions"}],"predecessor-version":[{"id":625,"href":"https:\/\/clubdeteniscaudete.com\/index.php\/wp-json\/wp\/v2\/pages\/604\/revisions\/625"}],"wp:attachment":[{"href":"https:\/\/clubdeteniscaudete.com\/index.php\/wp-json\/wp\/v2\/media?parent=604"}],"curies":[{"name":"wp","href":"https:\/\/api.w.org\/{rel}","templated":true}]}}