{"id":1468,"date":"2023-10-26T11:53:01","date_gmt":"2023-10-26T11:53:01","guid":{"rendered":"https:\/\/clubdeteniscaudete.com\/?page_id=1468"},"modified":"2023-11-11T17:12:12","modified_gmt":"2023-11-11T17:12:12","slug":"torneo-de-tenis-punto-naranja","status":"publish","type":"page","link":"https:\/\/clubdeteniscaudete.com\/index.php\/torneo-de-tenis-punto-naranja\/","title":{"rendered":"TORNEO DE TENIS PUNTO NARANJA"},"content":{"rendered":"\t\t<div data-elementor-type=\"wp-page\" data-elementor-id=\"1468\" class=\"elementor elementor-1468\" data-elementor-post-type=\"page\">\n\t\t\t\t\t\t<section class=\"elementor-section elementor-top-section elementor-element elementor-element-f328c03 elementor-section-boxed elementor-section-height-default elementor-section-height-default\" data-id=\"f328c03\" data-element_type=\"section\" data-e-type=\"section\">\n\t\t\t\t\t\t<div class=\"elementor-container elementor-column-gap-default\">\n\t\t\t\t\t<div class=\"elementor-column elementor-col-50 elementor-top-column elementor-element elementor-element-eb13f54\" data-id=\"eb13f54\" data-element_type=\"column\" data-e-type=\"column\">\n\t\t\t<div class=\"elementor-widget-wrap elementor-element-populated\">\n\t\t\t\t\t\t<div class=\"elementor-element elementor-element-620e079 elementor-widget elementor-widget-image\" data-id=\"620e079\" data-element_type=\"widget\" data-e-type=\"widget\" data-widget_type=\"image.default\">\n\t\t\t\t<div class=\"elementor-widget-container\">\n\t\t\t\t\t\t\t\t\t\t\t\t\t\t\t<img fetchpriority=\"high\" decoding=\"async\" width=\"1024\" height=\"1024\" src=\"https:\/\/clubdeteniscaudete.com\/wp-content\/uploads\/2023\/11\/presentacion-aprende-tenis-ilustrado-organico-verde-naranja-Post-para-Instagram-1-1024x1024.jpg\" class=\"attachment-large size-large wp-image-1561\" alt=\"\" srcset=\"https:\/\/clubdeteniscaudete.com\/wp-content\/uploads\/2023\/11\/presentacion-aprende-tenis-ilustrado-organico-verde-naranja-Post-para-Instagram-1-1024x1024.jpg 1024w, https:\/\/clubdeteniscaudete.com\/wp-content\/uploads\/2023\/11\/presentacion-aprende-tenis-ilustrado-organico-verde-naranja-Post-para-Instagram-1-300x300.jpg 300w, https:\/\/clubdeteniscaudete.com\/wp-content\/uploads\/2023\/11\/presentacion-aprende-tenis-ilustrado-organico-verde-naranja-Post-para-Instagram-1-150x150.jpg 150w, https:\/\/clubdeteniscaudete.com\/wp-content\/uploads\/2023\/11\/presentacion-aprende-tenis-ilustrado-organico-verde-naranja-Post-para-Instagram-1-768x768.jpg 768w, https:\/\/clubdeteniscaudete.com\/wp-content\/uploads\/2023\/11\/presentacion-aprende-tenis-ilustrado-organico-verde-naranja-Post-para-Instagram-1.jpg 1080w\" sizes=\"(max-width: 1024px) 100vw, 1024px\" \/>\t\t\t\t\t\t\t\t\t\t\t\t\t\t\t<\/div>\n\t\t\t\t<\/div>\n\t\t\t\t\t<\/div>\n\t\t<\/div>\n\t\t\t\t<div class=\"elementor-column elementor-col-50 elementor-top-column elementor-element elementor-element-f6e53c5\" data-id=\"f6e53c5\" data-element_type=\"column\" data-e-type=\"column\">\n\t\t\t<div class=\"elementor-widget-wrap elementor-element-populated\">\n\t\t\t\t\t\t<div class=\"elementor-element elementor-element-10df976 elementor-widget elementor-widget-text-editor\" data-id=\"10df976\" data-element_type=\"widget\" data-e-type=\"widget\" data-widget_type=\"text-editor.default\">\n\t\t\t\t<div class=\"elementor-widget-container\">\n\t\t\t\t\t\t\t\t\t<p>Ya puedes consultar los <strong>grupos y horarios<\/strong> del torneo. <span class=\"misspelling correction\" title=\"Se ha encontrado un posible error ortogr\u00e1fico.\" data-type=\"misspelling\" data-suggestions=\"[{&quot;value&quot;:&quot;Dentro&quot;},{&quot;value&quot;:&quot;Mentor&quot;},{&quot;value&quot;:&quot;Dent\u00f3n&quot;},{&quot;value&quot;:&quot;Dentar&quot;},{&quot;value&quot;:&quot;Dent\u00f3&quot;},{&quot;value&quot;:&quot;Lentor&quot;},{&quot;value&quot;:&quot;Ventor&quot;}]\" data-rule=\"MORFOLOGIK_RULE_ES\" data-word=\"Dentor\">Dentro<\/span> del enlace podr\u00e1s ver los grupos, los horarios y el reglamento.<\/p><p>Cualquier duda llamar a <strong>Roberto Rold\u00e1n 685271637<\/strong><\/p>\t\t\t\t\t\t\t\t<\/div>\n\t\t\t\t<\/div>\n\t\t\t\t<div class=\"elementor-element elementor-element-9f7bd7b elementor-align-center elementor-widget elementor-widget-button\" data-id=\"9f7bd7b\" data-element_type=\"widget\" data-e-type=\"widget\" data-widget_type=\"button.default\">\n\t\t\t\t<div class=\"elementor-widget-container\">\n\t\t\t\t\t\t\t\t\t<div class=\"elementor-button-wrapper\">\n\t\t\t\t\t<a class=\"elementor-button elementor-button-link elementor-size-sm\" href=\"https:\/\/docs.google.com\/document\/d\/1-QQZv5uflwkmRPXce8a_ququ169NbZKcP-7kbvbv2JE\/edit?usp=sharing\" target=\"_blank\">\n\t\t\t\t\t\t<span class=\"elementor-button-content-wrapper\">\n\t\t\t\t\t\t\t\t\t<span class=\"elementor-button-text\">CUADROS Y HORARIOS DOMINGO<\/span>\n\t\t\t\t\t<\/span>\n\t\t\t\t\t<\/a>\n\t\t\t\t<\/div>\n\t\t\t\t\t\t\t\t<\/div>\n\t\t\t\t<\/div>\n\t\t\t\t<div class=\"elementor-element elementor-element-a52a235 elementor-align-center elementor-widget elementor-widget-button\" data-id=\"a52a235\" data-element_type=\"widget\" data-e-type=\"widget\" data-widget_type=\"button.default\">\n\t\t\t\t<div class=\"elementor-widget-container\">\n\t\t\t\t\t\t\t\t\t<div class=\"elementor-button-wrapper\">\n\t\t\t\t\t<a class=\"elementor-button elementor-button-link elementor-size-sm\" href=\"https:\/\/docs.google.com\/document\/d\/17dF5K2Gl9M56V3uJYcPGg-X-_VQtc0UK9JNKxGQhGdI\/edit?usp=sharing\" target=\"_blank\">\n\t\t\t\t\t\t<span class=\"elementor-button-content-wrapper\">\n\t\t\t\t\t\t\t\t\t<span class=\"elementor-button-text\">GRUPOS Y HORARIOS S\u00c1BADO<\/span>\n\t\t\t\t\t<\/span>\n\t\t\t\t\t<\/a>\n\t\t\t\t<\/div>\n\t\t\t\t\t\t\t\t<\/div>\n\t\t\t\t<\/div>\n\t\t\t\t\t<\/div>\n\t\t<\/div>\n\t\t\t\t\t<\/div>\n\t\t<\/section>\n\t\t\t\t<\/div>\n\t\t","protected":false},"excerpt":{"rendered":"<p>Ya puedes consultar los grupos y horarios del torneo. Dentro del enlace podr\u00e1s ver los grupos, los horarios y el reglamento. Cualquier duda llamar a Roberto Rold\u00e1n 685271637 CUADROS Y HORARIOS DOMINGO GRUPOS Y HORARIOS S\u00c1BADO<\/p>\n","protected":false},"author":1,"featured_media":0,"parent":0,"menu_order":0,"comment_status":"closed","ping_status":"closed","template":"","meta":{"footnotes":""},"class_list":["post-1468","page","type-page","status-publish"],"_links":{"self":[{"href":"https:\/\/clubdeteniscaudete.com\/index.php\/wp-json\/wp\/v2\/pages\/1468","targetHints":{"allow":["GET"]}}],"collection":[{"href":"https:\/\/clubdeteniscaudete.com\/index.php\/wp-json\/wp\/v2\/pages"}],"about":[{"href":"https:\/\/clubdeteniscaudete.com\/index.php\/wp-json\/wp\/v2\/types\/page"}],"author":[{"embeddable":true,"href":"https:\/\/clubdeteniscaudete.com\/index.php\/wp-json\/wp\/v2\/users\/1"}],"replies":[{"embeddable":true,"href":"https:\/\/clubdeteniscaudete.com\/index.php\/wp-json\/wp\/v2\/comments?post=1468"}],"version-history":[{"count":18,"href":"https:\/\/clubdeteniscaudete.com\/index.php\/wp-json\/wp\/v2\/pages\/1468\/revisions"}],"predecessor-version":[{"id":1601,"href":"https:\/\/clubdeteniscaudete.com\/index.php\/wp-json\/wp\/v2\/pages\/1468\/revisions\/1601"}],"wp:attachment":[{"href":"https:\/\/clubdeteniscaudete.com\/index.php\/wp-json\/wp\/v2\/media?parent=1468"}],"curies":[{"name":"wp","href":"https:\/\/api.w.org\/{rel}","templated":true}]}}